{"id":1177,"date":"2019-11-20T19:07:34","date_gmt":"2019-11-20T18:07:34","guid":{"rendered":"https:\/\/jemmett.se\/hoviksnas\/?page_id=1177"},"modified":"2020-10-09T09:24:57","modified_gmt":"2020-10-09T07:24:57","slug":"intresseanmalan","status":"publish","type":"page","link":"https:\/\/jemmett.se\/hoviksnas\/intresseanmalan\/","title":{"rendered":"Intresseanm\u00e4lan"},"content":{"rendered":"\t\t<div data-elementor-type=\"wp-page\" data-elementor-id=\"1177\" class=\"elementor elementor-1177\">\n\t\t\t\t\t\t<div class=\"elementor-inner\">\n\t\t\t\t<div class=\"elementor-section-wrap\">\n\t\t\t\t\t\t\t\t\t<section class=\"elementor-section elementor-top-section elementor-element elementor-element-da0f83d elementor-section-boxed elementor-section-height-default elementor-section-height-default\" data-id=\"da0f83d\" data-element_type=\"section\" data-settings=\"{&quot;background_background&quot;:&quot;classic&quot;}\">\n\t\t\t\t\t\t<div class=\"elementor-container elementor-column-gap-default\">\n\t\t\t\t\t\t\t<div class=\"elementor-row\">\n\t\t\t\t\t<div class=\"elementor-column elementor-col-100 elementor-top-column elementor-element elementor-element-fe8c5f9\" data-id=\"fe8c5f9\" data-element_type=\"column\">\n\t\t\t<div class=\"elementor-column-wrap elementor-element-populated\">\n\t\t\t\t\t\t\t<div class=\"elementor-widget-wrap\">\n\t\t\t\t\t\t<div class=\"elementor-element elementor-element-c266ecf elementor-widget elementor-widget-heading\" data-id=\"c266ecf\" data-element_type=\"widget\" data-widget_type=\"heading.default\">\n\t\t\t\t<div class=\"elementor-widget-container\">\n\t\t\t<h2 class=\"elementor-heading-title elementor-size-default\">Intresseanm\u00e4lan <span style=\"font-weight:800;\">bostadsk\u00f6<\/span><\/h2>\t\t<\/div>\n\t\t\t\t<\/div>\n\t\t\t\t<div class=\"elementor-element elementor-element-ddedf7a elementor-widget elementor-widget-text-editor\" data-id=\"ddedf7a\" data-element_type=\"widget\" data-widget_type=\"text-editor.default\">\n\t\t\t\t<div class=\"elementor-widget-container\">\n\t\t\t\t\t\t\t\t<div class=\"elementor-text-editor elementor-clearfix\">\n\t\t\t\t<p>Ja tack, jag vill anm\u00e4la mitt intresse f\u00f6r ett tryggt hyresr\u00e4ttsboende p\u00e5 H\u00f6viksn\u00e4s f\u00f6r personer \u00f6ver 65 \u00e5r.<\/p>\t\t\t\t\t<\/div>\n\t\t\t\t\t\t<\/div>\n\t\t\t\t<\/div>\n\t\t\t\t<section class=\"elementor-section elementor-inner-section elementor-element elementor-element-67a4e35 elementor-section-boxed elementor-section-height-default elementor-section-height-default\" data-id=\"67a4e35\" data-element_type=\"section\">\n\t\t\t\t\t\t<div class=\"elementor-container elementor-column-gap-default\">\n\t\t\t\t\t\t\t<div class=\"elementor-row\">\n\t\t\t\t\t<div class=\"elementor-column elementor-col-100 elementor-inner-column elementor-element elementor-element-93c4811\" data-id=\"93c4811\" data-element_type=\"column\" data-settings=\"{&quot;background_background&quot;:&quot;classic&quot;}\">\n\t\t\t<div class=\"elementor-column-wrap elementor-element-populated\">\n\t\t\t\t\t\t\t<div class=\"elementor-widget-wrap\">\n\t\t\t\t\t\t<div class=\"elementor-element elementor-element-266d006 elementor-widget__width-initial elementor-widget elementor-widget-html\" data-id=\"266d006\" data-element_type=\"widget\" data-widget_type=\"html.default\">\n\t\t\t\t<div class=\"elementor-widget-container\">\n\t\t\t<div class=\"wpcf7 no-js\" id=\"wpcf7-f1147-o1\" lang=\"sv-SE\" dir=\"ltr\">\n<div class=\"screen-reader-response\"><p role=\"status\" aria-live=\"polite\" aria-atomic=\"true\"><\/p> <ul><\/ul><\/div>\n<form action=\"\/hoviksnas\/wp-json\/wp\/v2\/pages\/1177#wpcf7-f1147-o1\" method=\"post\" class=\"wpcf7-form init\" aria-label=\"Kontaktformul\u00e4r\" novalidate=\"novalidate\" data-status=\"init\">\n<div style=\"display: none;\">\n<input type=\"hidden\" name=\"_wpcf7\" value=\"1147\" \/>\n<input type=\"hidden\" name=\"_wpcf7_version\" value=\"5.7.1\" \/>\n<input type=\"hidden\" name=\"_wpcf7_locale\" value=\"sv_SE\" \/>\n<input type=\"hidden\" name=\"_wpcf7_unit_tag\" value=\"wpcf7-f1147-o1\" \/>\n<input type=\"hidden\" name=\"_wpcf7_container_post\" value=\"0\" \/>\n<input type=\"hidden\" name=\"_wpcf7_posted_data_hash\" value=\"\" \/>\n<\/div>\n<div class=\"form-style\">\n\t<p><label> Namn (obligatorisk)<br \/>\n<span class=\"wpcf7-form-control-wrap\" data-name=\"your-name\"><input size=\"40\" class=\"wpcf7-form-control wpcf7-text wpcf7-validates-as-required\" aria-required=\"true\" aria-invalid=\"false\" value=\"\" type=\"text\" name=\"your-name\" \/><\/span> <\/label>\n\t<\/p>\n\t<p><label> Namn eventuell meds\u00f6kande<br \/>\n<span class=\"wpcf7-form-control-wrap\" data-name=\"your-co-name\"><input size=\"40\" class=\"wpcf7-form-control wpcf7-text\" aria-invalid=\"false\" value=\"\" type=\"text\" name=\"your-co-name\" \/><\/span> <\/label>\n\t<\/p>\n\t<p><label> Adress, gata<br \/>\n<span class=\"wpcf7-form-control-wrap\" data-name=\"your-street\"><input size=\"40\" class=\"wpcf7-form-control wpcf7-text\" aria-invalid=\"false\" value=\"\" type=\"text\" name=\"your-street\" \/><\/span> <\/label>\n\t<\/p>\n\t<p><label> Postnummer<br \/>\n<span class=\"wpcf7-form-control-wrap\" data-name=\"your-postnr\"><input size=\"40\" class=\"wpcf7-form-control wpcf7-text\" aria-invalid=\"false\" value=\"\" type=\"text\" name=\"your-postnr\" \/><\/span> <\/label>\n\t<\/p>\n\t<p><label> Postort<br \/>\n<span class=\"wpcf7-form-control-wrap\" data-name=\"your-city\"><input size=\"40\" class=\"wpcf7-form-control wpcf7-text\" aria-invalid=\"false\" value=\"\" type=\"text\" name=\"your-city\" \/><\/span> <\/label>\n\t<\/p>\n\t<p><label> Telefon<br \/>\n<span class=\"wpcf7-form-control-wrap\" data-name=\"your-tel\"><input size=\"40\" class=\"wpcf7-form-control wpcf7-text wpcf7-tel wpcf7-validates-as-tel\" aria-invalid=\"false\" value=\"\" type=\"tel\" name=\"your-tel\" \/><\/span> <\/label>\n\t<\/p>\n\t<p><label> Mobiltelefon<br \/>\n<span class=\"wpcf7-form-control-wrap\" data-name=\"your-mobile\"><input size=\"40\" class=\"wpcf7-form-control wpcf7-text wpcf7-tel wpcf7-validates-as-tel\" aria-invalid=\"false\" value=\"\" type=\"tel\" name=\"your-mobile\" \/><\/span> <\/label>\n\t<\/p>\n\t<p><label> E-postadress<br \/>\n<span class=\"wpcf7-form-control-wrap\" data-name=\"your-email\"><input size=\"40\" class=\"wpcf7-form-control wpcf7-text wpcf7-email wpcf7-validates-as-email\" aria-invalid=\"false\" value=\"\" type=\"email\" name=\"your-email\" \/><\/span> <\/label>\n\t<\/p>\n\t<p><label> Personnummer<br \/>\n<span class=\"wpcf7-form-control-wrap\" data-name=\"your-social-number\"><input size=\"40\" class=\"wpcf7-form-control wpcf7-text\" aria-invalid=\"false\" value=\"\" type=\"text\" name=\"your-social-number\" \/><\/span> <\/label>\n\t<\/p>\n\t<p><label> Personnummer, ev. meds\u00f6kande<br \/>\n<span class=\"wpcf7-form-control-wrap\" data-name=\"your-co-social-number\"><input size=\"40\" class=\"wpcf7-form-control wpcf7-text\" aria-invalid=\"false\" value=\"\" type=\"text\" name=\"your-co-social-number\" \/><\/span> <\/label>\n\t<\/p>\n<\/div>\n<p>Jag\/vi \u00e4r intresserade av<br \/>\n<span class=\"wpcf7-form-control-wrap\" data-name=\"Lght-typ\"><span class=\"wpcf7-form-control wpcf7-checkbox\"><span class=\"wpcf7-list-item first\"><input type=\"checkbox\" name=\"Lght-typ[]\" value=\"1,5 rok\" tabindex=\"\" \/><span class=\"wpcf7-list-item-label\">1,5 rok<\/span><\/span><span class=\"wpcf7-list-item\"><input type=\"checkbox\" name=\"Lght-typ[]\" value=\"2 rok\" tabindex=\"\" \/><span class=\"wpcf7-list-item-label\">2 rok<\/span><\/span><span class=\"wpcf7-list-item last\"><input type=\"checkbox\" name=\"Lght-typ[]\" value=\"3 rok\" tabindex=\"\" \/><span class=\"wpcf7-list-item-label\">3 rok<\/span><\/span><\/span><\/span>\n<\/p>\n<p style=\"padding-top:24px;font-style:italic;font-size:80%;line-height:1.4em\">Jag har tagit del av ovanst\u00e5ende information och l\u00e4mnar h\u00e4rmed mitt samtycke till att Jemmett AB behandlar mina personuppgifter som l\u00e4mnats ovan. Jag intygar ocks\u00e5 att de uppgifter jag l\u00e4mnat \u00e4r riktiga, och att jag godk\u00e4nner att Jemmett AB har r\u00e4tt att kontrollera mina uppgifter.\n<\/p>\n<div style=\"margin-top:12px;margin-bottom:32px\">\n\t<p><span class=\"wpcf7-form-control-wrap\" data-name=\"gdpr\"><span class=\"wpcf7-form-control wpcf7-checkbox wpcf7-validates-as-required\"><span class=\"wpcf7-list-item first last\"><input type=\"checkbox\" name=\"gdpr[]\" value=\"Jag godk\u00e4nner behandlingen av mina personuppgifter.\" tabindex=\"\" \/><span class=\"wpcf7-list-item-label\">Jag godk\u00e4nner behandlingen av mina personuppgifter.<\/span><\/span><\/span><\/span>\n\t<\/p>\n<\/div>\n<div class=\"form-style\">\n\t<p><input class=\"wpcf7-form-control has-spinner wpcf7-submit\" type=\"submit\" value=\"Skicka\" \/>\n\t<\/p>\n<\/div><div class=\"wpcf7-response-output\" aria-hidden=\"true\"><\/div><\/form><\/div>\t\t<\/div>\n\t\t\t\t<\/div>\n\t\t\t\t\t\t<\/div>\n\t\t\t\t\t<\/div>\n\t\t<\/div>\n\t\t\t\t\t\t\t\t<\/div>\n\t\t\t\t\t<\/div>\n\t\t<\/section>\n\t\t\t\t\t\t<\/div>\n\t\t\t\t\t<\/div>\n\t\t<\/div>\n\t\t\t\t\t\t\t\t<\/div>\n\t\t\t\t\t<\/div>\n\t\t<\/section>\n\t\t\t\t\t\t\t\t\t<\/div>\n\t\t\t<\/div>\n\t\t\t\t\t<\/div>\n\t\t","protected":false},"excerpt":{"rendered":"<p>Intresseanm\u00e4lan bostadsk\u00f6 Ja tack, jag vill anm\u00e4la mitt intresse f\u00f6r ett tryggt hyresr\u00e4ttsboende p\u00e5 H\u00f6viksn\u00e4s f\u00f6r personer \u00f6ver 65 \u00e5r.<\/p>\n","protected":false},"author":1,"featured_media":0,"parent":0,"menu_order":0,"comment_status":"closed","ping_status":"closed","template":"full-width.php","meta":[],"acf":[],"_links":{"self":[{"href":"https:\/\/jemmett.se\/hoviksnas\/wp-json\/wp\/v2\/pages\/1177"}],"collection":[{"href":"https:\/\/jemmett.se\/hoviksnas\/wp-json\/wp\/v2\/pages"}],"about":[{"href":"https:\/\/jemmett.se\/hoviksnas\/wp-json\/wp\/v2\/types\/page"}],"author":[{"embeddable":true,"href":"https:\/\/jemmett.se\/hoviksnas\/wp-json\/wp\/v2\/users\/1"}],"replies":[{"embeddable":true,"href":"https:\/\/jemmett.se\/hoviksnas\/wp-json\/wp\/v2\/comments?post=1177"}],"version-history":[{"count":32,"href":"https:\/\/jemmett.se\/hoviksnas\/wp-json\/wp\/v2\/pages\/1177\/revisions"}],"predecessor-version":[{"id":1462,"href":"https:\/\/jemmett.se\/hoviksnas\/wp-json\/wp\/v2\/pages\/1177\/revisions\/1462"}],"wp:attachment":[{"href":"https:\/\/jemmett.se\/hoviksnas\/wp-json\/wp\/v2\/media?parent=1177"}],"curies":[{"name":"wp","href":"https:\/\/api.w.org\/{rel}","templated":true}]}}